ctor of 1181456?
False
Is 8 a factor of 15901143?
False
Is 9 a factor of 25458?
False
Is 90647 a multiple of 39?
False
Does 225 divide 1552500?
True
Is 4578220 a multiple of 11?
False
Is 14175844 a multiple of 628?
True
Is 281941 a multiple of 19?
True
Is 6027756 a multiple of 1022?
True
Does 14 divide 877170?
True
Is 239 a factor of 199087?
True
Is 13 a factor of 1416935?
True
Is 12 a factor of 2004792?
True
Is 389 a factor of 1176465?
False
Is 52896 a multiple of 608?
True
Is 545880 a multiple of 15?
True
Is 216900 a multiple of 212?
False
Does 33 divide 12276?
True
Is 66924 a multiple of 13?
True
Does 136 divide 2740944?
True
Is 1133269 a multiple of 128?
False
Does 12 divide 88831?
False
Is 16 a factor of 16704?
True
Is 457866 a multiple of 139?
True
Does 8 divide 266077?
False
Is 95 a factor of 176227?
False
Is 4171650 a multiple of 175?
True
Does 20 divide 8731114?
False
Is 230 a factor of 1318727?
False
Is 40515 a multiple of 5?
True
Does 6 divide 566752?
False
Is 217386 a multiple of 8?
False
Is 14 a factor of 1631126?
True
Is 14 a factor of 152569?
False
Is 25 a factor of 961524?
False
Is 18703034 a multiple of 11?
False
Does 1161 divide 1922295?
False
Is 659775 a multiple of 95?
True
Is 49042 even?
True
Is 4 a factor of 611320?
True
Is 88 a factor of 41536?
True
Is 8 a factor of 3376752?
True
Is 9216849 a multiple of 46?
False
Is 22 a factor of 12201?
False
Is 491 a factor of 6003948?
True
Does 5 divide 147286?
False
Does 315 divide 2110815?
True
Is 720720 a multiple of 16?
True
Is 604616 a multiple of 455?
False
Does 384 divide 3470976?
True
Is 6437 a multiple of 41?
True
Is 6734389 a multiple of 1926?
False
Does 21 divide 2970955?
False
Is 50 a factor of 245846?
False
Is 6 a factor of 126060?
True
Is 68 a factor of 8540486?
False
Is 3777632 a multiple of 16?
True
Does 9 divide 4766448?
False
Is 279337 a multiple of 127?
False
Does 373 divide 386055?
True
Is 14 a factor of 573510?
True
Is 12430152 a multiple of 21?
True
Is 12 a factor of 24727?
False
Is 7581730 a multiple of 168?
False
Is 21 a factor of 939247?
False
Is 30020 a multiple of 18?
False
Is 1297414 a multiple of 223?
True
Is 6 a factor of 188016?
True
Is 2333671 a multiple of 4?
False
Is 168098 a multiple of 7?
True
Does 41 divide 370341?
False
Does 97 divide 1090571?
True
Does 5 divide 125289?
False
Is 125 a factor of 40125?
True
Is 121 a factor of 84312?
False
Does 253 divide 83554?
False
Is 178823 a multiple of 30?
False
Is 239 a factor of 549651?
False
Does 27 divide 88815?
False
Does 12 divide 53906?
False
Does 17 divide 309498?
False
Does 4 divide 20357?
False
Is 162475 a multiple of 15?
False
Does 2 divide 241?
False
Is 236062 a multiple of 23?
False
Is 30 a factor of 428613?
False
Is 46 a factor of 1562160?
True
Is 21 a factor of 576290?
False
Does 395 divide 1695340?
True
Is 11 a factor of 89713?
False
Does 94 divide 62980?
True
Is 17 a factor of 126089?
True
Is 318 a factor of 245054?
False
Is 37 a factor of 20831?
True
Is 3 a factor of 68352?
True
Is 80 a factor of 6903520?
True
Is 478212 a multiple of 42?
True
Does 271 divide 6490721?
True
Does 173 divide 15601496?
False
Does 8 divide 117129?
False
Is 289 a factor of 603432?
True
Does 12 divide 438797?
False
Is 130320 a multiple of 142?
False
Does 15 divide 1724508?
False
Does 28 divide 288652?
True
Is 16 a factor of 60656?
True
Is 87 a factor of 31320?
True
Is 810000 a multiple of 27?
True
Is 11152676 a multiple of 223?
True
Is 326 a factor of 617400?
False
Is 109464 a multiple of 4?
True
Is 2417076 a multiple of 358?
False
Does 86 divide 980195?
False
Is 5 a factor of 82952?
False
Does 15 divide 4682714?
False
Is 142865 a multiple of 20?
False
Does 24 divide 879865?
False
Does 127 divide 679958?
True
Is 76097 a multiple of 7?
True
Does 26 divide 226148?
True
Is 8 a factor of 1974784?
True
Is 2722788 a multiple of 108?
True
Does 133 divide 992773?
False
Is 56 a factor of 826728?
True
Is 1509923 a multiple of 24?
False
Is 91 a factor of 639002?
True
Does 19 divide 164996?
True
Does 90 divide 1525994?
False
Is 99 a factor of 670428?
True
Is 697008 a multiple of 14?
False
Is 66 a factor of 2376318?
False
Does 32 divide 5541984?
True
Is 19106273 a multiple of 318?
False
Is 92 a factor of 185288?
True
Is 133320 a multiple of 30?
True
Does 76 divide 5835197?
False
Is 245 a factor of 218540?
True
Is 16016 a multiple of 7?
True
Is 68 a factor of 3424820?
True
Does 35 divide 280394?
False
Does 259 divide 194486?
False
Is 8460222 a multiple of 479?
False
Is 13 a factor of 1107028?
True
Is 7 a factor of 140934?
False
Does 5 divide 32537?
False
Is 1356983 a multiple of 193?
True
Is 333 a factor of 1872459?
True
Is 109 a factor of 2398?
True
Does 62 divide 376345?
False
Is 1312640 a multiple of 32?
True
Is 29 a factor of 2662999?
False
Is 2605540 a multiple of 10?
True
Is 425 a factor of 6891375?
True
Is 83614 a multiple of 7?
False
Is 727 a factor of 1695364?
True
Is 49 a factor of 731815?
True
Does 90 divide 4704030?
True
Is 155 a factor of 2297565?
True
Does 2 divide 48984?
True
Is 3 a factor of 247575?
True
Is 638 a factor of 38827?
False
Is 154542 a multiple of 14?
False
Is 10586637 a multiple of 13?
False
Is 613350 a multiple of 87?
True
Does 281 divide 130665?
True
Is 16 a factor of 1448543?
False
Is 491 a factor of 1362034?
True
Does 101 divide 1512980?
True
Does 10 divide 133053?
False
Is 813382 a multiple of 1018?
True
Does 226 divide 342161?
False
Is 174 a factor of 44196?
True
Is 1193 a factor of 1522725?
False
Is 422604 a multiple of 18?
True
Does 749 divide 1498000?
True
Is 110 a factor of 132990?
True
Does 10 divide 820370?
True
Is 712 a multiple of 356?
True
Does 48 divide 348042?
False
Does 53 divide 619093?
True
Is 29 a factor of 377946?
False
Is 44687 even?
False
Is 5 a factor of 24080?
True
Is 3 a factor of 115091?
False
Is 391816 a multiple of 731?
True
Does 29 divide 1004?
False
Is 486 a factor of 10386792?
True
Is 82 a factor of 2175706?
True
Does 187 divide 51988?
False
Does 200 divide 1107105?
False
Is 3 a factor of 159728?
False
Is 59946 a multiple of 103?
True
Is 38812 a multiple of 258?
False
Is 447672 a multiple of 368?
False
Does 120 divide 1246200?
True
Does 5 divide 2080?
True
Is 965822 a multiple of 11?
True
Does 9 divide 150264?
True
Does 97 divide 688021?
True
Is 184 a factor of 99629?
False
Is 9 a factor of 2636283?
False
Does 33 divide 218757?
True
Is 45400 a multiple of 40?
True
Is 337 a factor of 235149?
False
Is 367 a factor of 1155168?
False
Does 168 divide 4773399?
False
Does 77 divide 1730741?
False
Is 1539421 a multiple of 5?
False
Does 33 divide 3655080?
True
Does 3 divide 27885?
True
Does 117 divide 61154?
False
Does 43 divide 570094?
True
Does 9 divide 525586?
False
Is 16227 a multiple of 9?
True
Does 7 divide 70327?
False
Does 126 divide 3136014?
True
Does 13 divide 1220862?
False
Is 28 a factor of 5801096?
True
Is 4186207 a multiple of 16?
False
Is 173992 a multiple of 13?
True
Is 2223734 a multiple of 180?
False
Does 27 divide 193881?
False
Does 191 divide 697239?
False
Is 458444 a multiple of 49?
True
Is 128644 even?
True
Is 8721360 a multiple of 48?
True
Is 5 a factor of 95665?
True
Is 1344428 a multiple of 289?
True
Is 2 a factor of 5394?
True
Does 35 divide 517615?
True
Does 194 divide 320100?
True
Is 7249 even?
False
Is 1035354 a multiple of 789?
False
Is 54580 a multiple of 20?
True
Is 1244320 a multiple of 202?
True
Is 702585 a multiple of 191?
False
Is 478 a factor of 85492?
False
Is 161 a factor of 8102164?
True
Is 487 a factor of 623107?
False
Is 75 a factor of 388125?
True
Is 18 a factor of 129207?
False
Is 31 a factor of 172252?
False
Does 37 divide 1614421?
True
Is 11 a factor of 20075?
True
Is 98 a factor of 11820368?
True
Does 8 divide 297939?
False
Is 49 a factor of 41405?
True
Is 196 a factor of 1189842?
False
Is 54 a factor of 3356312?
False
Is 20 a factor of 584936?
False
Is 210 a factor of 330299?
False
Is 30 a factor of 30123254?
False
Is 382144 a multiple of 8?
True
Does 144 divide 621742?
False
Is 16 a factor of 2128?
True
Does 14 divide 703852?
False
Is 597 a factor of 1004472?
False
Is 82 a factor of 9359154?
False
Is 2097752 a multiple of 17?
False
Is 148 a factor of 8274680?
True
Is 1974518 a multiple of 19?
True
Does 277 divide 1804101?
Tr